{"id":46,"date":"2021-12-25T23:37:25","date_gmt":"2021-12-25T22:37:25","guid":{"rendered":"http:\/\/tmzc.pl\/?page_id=46"},"modified":"2023-09-03T19:38:09","modified_gmt":"2023-09-03T17:38:09","slug":"wydawnictwa","status":"publish","type":"page","link":"https:\/\/tmzc.pl\/index.php\/wydawnictwa\/","title":{"rendered":"Wydawnictwa"},"content":{"rendered":"<p><a href=\"https:\/\/drive.google.com\/file\/d\/1KSXK3oHDlnWJ-LlJfjm-P97XK2b9f_FN\/view?usp=sharing\" target=\"_blank\" rel=\"noopener\">1. Album pami\u0105tek ziemi ciechanowskiej do 1945.pdf<\/a><\/p>\n<p><a href=\"https:\/\/drive.google.com\/file\/d\/1NM6NwdYijCwvBLhS-1JY2zH52ScTWpRd\/view?usp=share_link\" target=\"_blank\" rel=\"noopener\">2 \u017bycie, tw\u00f3rczo\u015b\u0107 i zwi\u0105zki Zygmunta Krasi\u0144skiego z Ziemi\u0105 Ciechanowsk\u0105<\/a><\/p>\n<p><a href=\"https:\/\/drive.google.com\/file\/d\/1SVU5njpJLaXYX_TbHo_lWz1woIb6fvbc\/view?usp=share_link\" target=\"_blank\" rel=\"noopener\">3. Krajoznawcza fotogazetka<\/a><\/p>\n<p><a href=\"https:\/\/drive.google.com\/file\/d\/1tKCWqPJnWO8VY1F0pUFbl3c3s1FAfoKd\/view?usp=share_link\" target=\"_blank\" rel=\"noopener\">4. Foldery krajoznawcze opracowane w l. 1962-1968<\/a><\/p>\n<p><a href=\"https:\/\/drive.google.com\/file\/d\/1JBHgcM7N5TUM06AtqlTbZ87W8NYt8Yv6\/view?usp=share_link\" target=\"_blank\" rel=\"noopener\">5. Millenium Ciechanowa<\/a><\/p>\n<p><a href=\"https:\/\/drive.google.com\/file\/d\/1q6mj6lIoZRGhObjcn_YLu1QKQyDnT5qv\/view?usp=share_link\" target=\"_blank\" rel=\"noopener\">6. Ziemia ciechanowska w malarstwie i grafice<\/a><\/p>\n<p><a href=\"https:\/\/drive.google.com\/file\/d\/11fo668wUw-NnkLl-Tuu1dl9ST_oF6CLq\/view?usp=share_link\" target=\"_blank\" rel=\"noopener\">7. Zapiski Ciechanowskie I<\/a><\/p>\n<p><a href=\"https:\/\/drive.google.com\/file\/d\/15EzXEijVi1IwP4HEDqvYHbXoOFD6hYwd\/view?usp=share_link\" target=\"_blank\" rel=\"noopener\">8. Zapiski Ciechanowskie II<\/a><\/p>\n<p><a href=\"https:\/\/drive.google.com\/file\/d\/1oJ2TB7kdrGQ8wKWW0udSsO4944TRId9D\/view?usp=share_link\" target=\"_blank\" rel=\"noopener\">9. Przewodnik po ziemi ciechanowskiej<\/a><\/p>\n<p><a href=\"https:\/\/drive.google.com\/file\/d\/1TOvC_g7XPlNRjJpxOXlxWncOf_GDe-xu\/view?usp=share_link\" target=\"_blank\" rel=\"noopener\">10. Dzieje Ciechanowa<\/a> (brak podgl\u0105du, nale\u017cy pobra\u0107 ksi\u0105\u017ck\u0119 klikaj\u0105c &#8222;Pobierz&#8221;)<\/p>\n<p><a href=\"https:\/\/drive.google.com\/file\/d\/1YKHiJlXPjPgbirqHrEsFRJnuh76sR0KR\/view?usp=share_link\" target=\"_blank\" rel=\"noopener\">11. Geneza i dzia\u0142alno\u015b\u0107 TMZC w dwudziestoleciu<\/a><\/p>\n<p><a href=\"https:\/\/drive.google.com\/file\/d\/1HLBiscJ2u3lMnTG9jgeda7CHeuYgyarI\/view?usp=share_link\" target=\"_blank\" rel=\"noopener\">12. Ciechan\u00f3w na starym obrazku<\/a><\/p>\n<p><a href=\"https:\/\/drive.google.com\/file\/d\/1kw4X88Tmt0UTOd1g98npOHZshg2DIi2D\/view?usp=share_link\" target=\"_blank\" rel=\"noopener\">13. Ciechanowskie Tablice<\/a><\/p>\n<p><a href=\"https:\/\/drive.google.com\/file\/d\/1BAJeOjIq3S-msqmE8jX7_RiPV6UwwnBq\/view?usp=share_link\" target=\"_blank\" rel=\"noopener\">14. Ciechanowskie Portrety &#8211; Franciszek Rajkowski E. Lewandowski<\/a><\/p>\n<p><a href=\"https:\/\/drive.google.com\/file\/d\/11dCQQaikAtGSZhulYaGilz9pHfS8LUuS\/view?usp=share_link\" target=\"_blank\" rel=\"noopener\">15. Ob\u0142ok ciechanowski A. Borkowski<\/a><\/p>\n<p><a href=\"https:\/\/drive.google.com\/file\/d\/1OVIARSduYqbwT_KSDbNCDP-UXzW2QeCi\/view?usp=share_link\" target=\"_blank\" rel=\"noopener\">16. Otwieram Dom M. Konopnicka<\/a><\/p>\n<p><a href=\"https:\/\/drive.google.com\/file\/d\/1Bo_10vIfy32aAmZ6GuZazEOtN8Pk7LWB\/view?usp=share_link\" target=\"_blank\" rel=\"noopener\">17. Wspomnienia E. Krzeszowski<\/a><\/p>\n<p><a href=\"https:\/\/drive.google.com\/file\/d\/1G5i1f4IfZvPQVTU1cTpgxP7IpUs3GCXB\/view?usp=share_link\">18. Wspomnienia o ciechanowskiej pensji<\/a><\/p>\n<p><a href=\"https:\/\/drive.google.com\/file\/d\/1XA51XdlRVbwTJknlkzFvNIYMQ5ycHG7A\/view?usp=share_link\">19. Wspomnienie o St. Pazyrze<\/a><\/p>\n<p><a href=\"https:\/\/drive.google.com\/file\/d\/1p1vWQAOzVCVSA5AAAwOBu9LjyLThU0UV\/view?usp=share_link\">20. Ochotnicza Stra\u017c Po\u017carna w Ciechanowie<\/a><\/p>\n<p><a href=\"https:\/\/drive.google.com\/file\/d\/1j1v4aE3CRNrv1BuB-umsR1IaJEfp7jLl\/view?usp=share_link\">21. Polecia\u0142y pie\u015bni moje<\/a><\/p>\n<p><a href=\"https:\/\/drive.google.com\/file\/d\/13wNEA3biqa3cFn3ezpgxk-inynrZ1hpA\/view?usp=share_link\" target=\"_blank\" rel=\"noopener\">22. Moja noc okupacji Jan K. Korzybski<\/a><\/p>\n<p><a href=\"https:\/\/drive.google.com\/file\/d\/1e6uWh4iCeSRguRf0xNJbW_3QRJ2VTZEf\/view?usp=share_link\" target=\"_blank\" rel=\"noopener\">23. Ciechanowskie notatki okupacyjne Alfred Borkowski<\/a><\/p>\n<p><a href=\"https:\/\/drive.google.com\/file\/d\/1O3MG0dm3mlqkfeObPZPl3iOQwMxKSQk1\/view?usp=share_link\" target=\"_blank\" rel=\"noopener\">24. Tradycje kulturalne Ciechanowa Stanis\u0142aw Pazyra<\/a><\/p>\n<p><a href=\"https:\/\/drive.google.com\/file\/d\/1aCbXLNzEZmy9jnOYqy7OEICBmPVAlBlE\/view?usp=share_link\" target=\"_blank\" rel=\"noopener\">25. Wiersze i klechdy Alfreda Borkowskiego<\/a><\/p>\n<p><a href=\"https:\/\/drive.google.com\/file\/d\/14wCqpRwjeLoWr6d_DT9y5diu_qit4V6M\/view?usp=share_link\" target=\"_blank\" rel=\"noopener\">26. Zamek w Ciechanowie<\/a><\/p>\n<p><a href=\"https:\/\/drive.google.com\/file\/d\/1fn8FcpDb4VqB8rW8WAKrmCoDOU7hhwQL\/view?usp=share_link\" target=\"_blank\" rel=\"noopener\">27. Karol Szwanke<\/a><\/p>\n<p><a href=\"https:\/\/drive.google.com\/file\/d\/1A8Qq-pZZ5Yz1_PxFiCdokCUeY4bNhXAB\/view?usp=share_link\" target=\"_blank\" rel=\"noopener\">28. Zamkowe Bajania<\/a><\/p>\n<p><a href=\"https:\/\/drive.google.com\/file\/d\/1dTEO5r3otlDz3bUpYCreWfNJUMULeJr9\/view?usp=share_link\" target=\"_blank\" rel=\"noopener\">29. \u017bYDZI CIECHANOWSCY A. Borkowski<\/a><\/p>\n<p><a href=\"https:\/\/drive.google.com\/file\/d\/1usDdbQI4St5JkaY7TjNZx1VQJt60zrN-\/view?usp=share_link\" target=\"_blank\" rel=\"noopener\">30. REMINISCENCJE CIECHANOWSKICH AK-owc\u00f3w<\/a> (brak podgl\u0105du, nale\u017cy pobra\u0107 ksi\u0105\u017ck\u0119 klikaj\u0105c &#8222;Pobierz&#8221;)<\/p>\n<p><a href=\"https:\/\/drive.google.com\/file\/d\/1YXEKnOlVLGbONml62CYJDpyD4MQyezbw\/view?usp=share_link\" target=\"_blank\" rel=\"noopener\">31. Ciechanowskie Legendy Zamkowe<\/a><\/p>\n<p><a href=\"https:\/\/drive.google.com\/file\/d\/1sT955aln2tWl2AZuYDsp8xHFa48Gehh_\/view?usp=share_link\" target=\"_blank\" rel=\"noopener\">32. ROK 1920 W RZECZKACH<\/a><\/p>\n<p><a href=\"https:\/\/drive.google.com\/file\/d\/1wgR5HxjHODjjqHUrY8JLOBQfYIIoRCn9\/view?usp=share_link\" target=\"_blank\" rel=\"noopener\">33. Kr\u0105g i oddzia\u0142ywanie w czterdziestoleciu 1957-1997<\/a> (brak podgl\u0105du, nale\u017cy pobra\u0107 ksi\u0105\u017ck\u0119 klikaj\u0105c &#8222;Pobierz&#8221;)<\/p>\n<p><a href=\"https:\/\/drive.google.com\/file\/d\/1Mq6AzzRJrX5QlB8Aikxc7lpfShSElwF3\/view?usp=share_link\" target=\"_blank\" rel=\"noopener\">34. Ciechan\u00f3w w latach Drugiej Rzeczypospolitej<\/a> (brak podgl\u0105du, nale\u017cy pobra\u0107 ksi\u0105\u017ck\u0119 klikaj\u0105c &#8222;Pobierz&#8221;)<\/p>\n<p><a href=\"https:\/\/drive.google.com\/file\/d\/1tMSisH3h6Qjmtbb17puq4X6NqVATCkkd\/view?usp=share_link\" target=\"_blank\" rel=\"noopener\">35. Ciechanowskie Pami\u0105tki Przesz\u0142o\u015bci<\/a> (brak podgl\u0105du, nale\u017cy pobra\u0107 ksi\u0105\u017ck\u0119 klikaj\u0105c &#8222;Pobierz&#8221;)<\/p>\n<p><a href=\"https:\/\/drive.google.com\/file\/d\/1NuU4sxQ4P98itC6IYm4t6pew4hk-TO_2\/view?usp=share_link\" target=\"_blank\" rel=\"noopener\">36. POW B. Umi\u0144ska<\/a><\/p>\n<p><a href=\"https:\/\/drive.google.com\/file\/d\/1lNLdYmZ1BxTO6RxwFwkKqbFDHF3Vo3JA\/view?usp=share_link\" target=\"_blank\" rel=\"noopener\">37. Doktor F. Rajkowski i jego Ciechan\u00f3w, E. Lewandowski<\/a><\/p>\n<p><a href=\"https:\/\/drive.google.com\/file\/d\/1iBA_5rJs-oAaTU2deuC2R89kCSoltIcc\/view?usp=share_link\" target=\"_blank\" rel=\"noopener\">38. Echa wspomnie\u0144 wojny 1920 roku na Ziemi Ciechanowskiej<\/a> (brak podgl\u0105du, nale\u017cy pobra\u0107 ksi\u0105\u017ck\u0119 klikaj\u0105c &#8222;Pobierz&#8221;)<\/p>\n<p><a href=\"https:\/\/drive.google.com\/file\/d\/1ZRpNYtKAjqc9tRVhFI337AIew_hJTj_c\/view?usp=share_link\" target=\"_blank\" rel=\"noopener\">39. Dawne rzemios\u0142o wsi mazowieckiej w miniaturze<\/a><\/p>\n<p><a href=\"https:\/\/drive.google.com\/file\/d\/1soiIndrLrzr5AdiVmVPm49K6ROYWJ72h\/view?usp=share_link\" target=\"_blank\" rel=\"noopener\">40. Przygody przewodnika ciechanowskiego<\/a><\/p>\n<p><a href=\"https:\/\/drive.google.com\/file\/d\/1fU9gNIDbTmwuVYUvVVpvltwPavKGMpNY\/view?usp=share_link\" target=\"_blank\" rel=\"noopener\">41. Jan Pilich Szkic biograficzny<\/a><\/p>\n<p><a href=\"https:\/\/drive.google.com\/file\/d\/15HTp69TcEQzY3ggstaJ_zWhWE9t04yP6\/view?usp=share_link\" target=\"_blank\" rel=\"noopener\">42. &#8222;Wygnanie z Arkadii&#8221; Stanis\u0142aw Za\u0142uski<\/a> (brak podgl\u0105du, nale\u017cy pobra\u0107 ksi\u0105\u017ck\u0119 klikaj\u0105c &#8222;Pobierz&#8221;)<\/p>\n<p><a href=\"https:\/\/drive.google.com\/file\/d\/1s7KNx6VzkYr9AkiRNLwsLLJ5Hu_v0mhb\/view?usp=share_link\" target=\"_blank\" rel=\"noopener\">43. Nieodrodna c\u00f3rka Lucyna Janikowa<\/a> (brak podgl\u0105du, nale\u017cy pobra\u0107 ksi\u0105\u017ck\u0119 klikaj\u0105c &#8222;Pobierz&#8221;)<\/p>\n<p><a href=\"https:\/\/drive.google.com\/file\/d\/1IbI6j87ZqA5IKIQIYc9Q5QCNK3d4pbWl\/view?usp=share_link\" target=\"_blank\" rel=\"noopener\">44. Siedem \u0141ez &#8211; Ewa Stangrodzka-Koz\u0142owska<\/a><\/p>\n<p><a href=\"https:\/\/drive.google.com\/file\/d\/1IJKDCUV8hwN_8LGyrXhKi0HEJPGo0_v8\/view?usp=share_link\" target=\"_blank\" rel=\"noopener\">45. Po\u017cywienie ludno\u015bci wiejskiej na p\u00f3\u0142nocnym Mazowszu u schy\u0142ku XIX i w XX wieku Tomasz Czerwi\u0144ski<\/a> (brak podgl\u0105du, nale\u017cy pobra\u0107 ksi\u0105\u017ck\u0119 klikaj\u0105c &#8222;Pobierz&#8221;)<\/p>\n<p><a href=\"https:\/\/drive.google.com\/file\/d\/1qgfjZqZ3PwiVIgJNOpsGH8uor4-k9zgL\/view?usp=share_link\" target=\"_blank\" rel=\"noopener\">46. 5 Rzek . Wkra, M\u0142awka, \u0141ydynia, W\u0119gierka, Orzyc, Rok XIII Nr 1(50)<\/a>&nbsp;&nbsp;<\/p>\n<p><a href=\"https:\/\/drive.google.com\/file\/d\/1mNcC5NilEFGYKszy2JNbekbEL0RyLHSB\/view?usp=share_link\" target=\"_blank\" rel=\"noopener\">47. Tomasz Klonowski i jego Soko\u0142\u00f3wek<\/a><\/p>\n<p><a href=\"https:\/\/drive.google.com\/file\/d\/1T4k-DY8qELQKHD35qe2_tYNXgvyWI2lC\/view?usp=drive_link\" target=\"_blank\" rel=\"noopener\">48. Towarzystwo Mi\u0142o\u015bnik\u00f3w Ziemi Ciechanowskiej, tekst M. Adamkiewicz<\/a><\/p>\n<p><a href=\"https:\/\/drive.google.com\/file\/d\/1w0tcNsEAQry_Mio4pwmECDi4C08Wz9aK\/view?usp=drive_link\" target=\"_blank\" rel=\"noopener\">49. Czy zap\u0142on\u0105 \u015bwiat\u0142a w Soko\u0142\u00f3wku &#8211; Maria Anna Klonowska<\/a><\/p>\n<p><a href=\"https:\/\/drive.google.com\/file\/d\/1tvMxWcj8UJ_ohtwwyA1gOT-MGNo0rmtT\/view?usp=drive_link\" target=\"_blank\" rel=\"noopener\">50. Tak to zapami\u0119ta\u0142em &#8211; J. Olszewski<\/a> (brak podgl\u0105du, nale\u017cy pobra\u0107 ksi\u0105\u017ck\u0119 klikaj\u0105c &#8222;Pobierz&#8221;)<\/p>\n<p><a href=\"https:\/\/drive.google.com\/file\/d\/1zCC9ZmJ4A6IoomxIgsKNi1-WxiSbgM9X\/view?usp=drive_link\" target=\"_blank\" rel=\"noopener\">51. Niechaj Polska zna jakich syn\u00f3w ma &#8211; Bogumi\u0142a Umi\u0144ska<\/a> (brak podgl\u0105du, nale\u017cy pobra\u0107 ksi\u0105\u017ck\u0119 klikaj\u0105c &#8222;Pobierz&#8221;)<\/p>\n<p><a href=\"https:\/\/drive.google.com\/file\/d\/1CLB_iO4yNvOOx71lL2gt9NV91zTHVt2x\/view?usp=drive_link\" target=\"_blank\" rel=\"noopener\">52. Tak \u017cyli nasi przodkowie &#8211; Kazimierz Bobi\u0144ski<\/a><\/p>\n<p><a href=\"https:\/\/drive.google.com\/file\/d\/1WMIx9Etn1_stmRwkJcATnwcqwoK9Cx1v\/view?usp=drive_link\" target=\"_blank\" rel=\"noopener\">53. Gmina So\u0144sk prawd\u0105 i legend\u0105 opisana &#8211; Stefan Rydzewski<\/a> (brak podgl\u0105du, nale\u017cy pobra\u0107 ksi\u0105\u017ck\u0119 klikaj\u0105c &#8222;Pobierz&#8221;)<\/p>\n<p><a href=\"https:\/\/drive.google.com\/file\/d\/13cvn6eam_23KL-CH7RmWvY4uZMjkTdiQ\/view?usp=drive_link\" target=\"_blank\" rel=\"noopener\">54. Madonna uformowana w pi\u0119kn\u0105 ca\u0142o\u015b\u0107&#8230; rysunki Marka Zalewskiego I<\/a><\/p>\n<p><a href=\"https:\/\/drive.google.com\/file\/d\/1zsJZsJUyFIiJEdXoDt2KtutY8LarZdRF\/view?usp=drive_link\" target=\"_blank\" rel=\"noopener\">55. Madonna uformowana w pi\u0119kn\u0105 ca\u0142o\u015b\u0107&#8230; rysunki Marka Zalewskiego II<\/a><\/p>\n<p><a href=\"https:\/\/drive.google.com\/file\/d\/12Lz0F5_xtbUxeSI76ycUs0lyHYbanzev\/view?usp=drive_link\" target=\"_blank\" rel=\"noopener\">56. Ciechan\u00f3w i okolice w grafice Marka Zalewskiego<\/a><\/p>\n<p><a href=\"https:\/\/drive.google.com\/file\/d\/1JVvPyudGc5Ue3FUkC6qkayCtwVi383lU\/view?usp=drive_link\" target=\"_blank\" rel=\"noopener\">57. Ba\u015bnie, bajki, bajeczki 2017<\/a><\/p>\n<p><a href=\"https:\/\/drive.google.com\/file\/d\/1vUYMMB93ZIQXkAKO658Q848GsbaI4PJ9\/view?usp=drive_link\" target=\"_blank\" rel=\"noopener\">58. Ba\u015bnie, bajki, bajeczki 2018<\/a><\/p>\n<p><a href=\"https:\/\/drive.google.com\/file\/d\/151l609A5FWezCqzuvYBCNZ8anfRthsm6\/view?usp=drive_link\" target=\"_blank\" rel=\"noopener\">59. Ba\u015bnie, bajki, bajeczki 2019<\/a><\/p>\n<p><a href=\"https:\/\/drive.google.com\/file\/d\/1kCVBWhzg4vlGaBxiI259BrQ0LuiTyA-u\/view?usp=drive_link\" target=\"_blank\" rel=\"noopener\">60. Ba\u015bnie, bajki, bajeczki 2020<\/a><\/p>\n<p><a href=\"https:\/\/drive.google.com\/file\/d\/1iO2WdUvUjrbf_nWBw9rJAumdoinoDFhY\/view?usp=drive_link\" target=\"_blank\" rel=\"noopener\">61. Miejskie Przedszkole nr 4 w Ciechanowie. Monografia za lata 1978-2018<\/a><\/p>\n<p><a href=\"https:\/\/drive.google.com\/file\/d\/1npRdPexlZb8Nb6nFh-z5M_nGaoNPsssM\/view?usp=drive_link\" target=\"_blank\" rel=\"noopener\">62. Powiat Ciechanowski w latach 1914-1920 &#8211; Dariusz Piotrowicz<\/a><\/p>\n<p><a href=\"https:\/\/drive.google.com\/file\/d\/1gLnZp687pAz7jEjjpOimNCofdUf8baQi\/view?usp=drive_link\" target=\"_blank\" rel=\"noopener\">63. Owoce nocy i dni &#8211; Marek Zalewski<\/a><\/p>\n<p>&nbsp;<\/p>\n","protected":false},"excerpt":{"rendered":"<p>1. Album pami\u0105tek ziemi ciechanowskiej do 1945.pdf 2 \u017bycie, tw\u00f3rczo\u015b\u0107 i zwi\u0105zki Zygmunta Krasi\u0144skiego z Ziemi\u0105 Ciechanowsk\u0105 3. Krajoznawcza fotogazetka 4. Foldery krajoznawcze opracowane w l. 1962-1968 5. Millenium Ciechanowa 6. Ziemia ciechanowska w malarstwie i grafice 7. Zapiski Ciechanowskie &hellip; <a href=\"https:\/\/tmzc.pl\/index.php\/wydawnictwa\/\">Czytaj dalej <span class=\"meta-nav\">&rarr;<\/span><\/a><\/p>\n","protected":false},"author":1,"featured_media":0,"parent":0,"menu_order":8,"comment_status":"closed","ping_status":"closed","template":"","meta":{"ngg_post_thumbnail":0,"footnotes":""},"class_list":["post-46","page","type-page","status-publish","hentry"],"_links":{"self":[{"href":"https:\/\/tmzc.pl\/index.php\/wp-json\/wp\/v2\/pages\/46","targetHints":{"allow":["GET"]}}],"collection":[{"href":"https:\/\/tmzc.pl\/index.php\/wp-json\/wp\/v2\/pages"}],"about":[{"href":"https:\/\/tmzc.pl\/index.php\/wp-json\/wp\/v2\/types\/page"}],"author":[{"embeddable":true,"href":"https:\/\/tmzc.pl\/index.php\/wp-json\/wp\/v2\/users\/1"}],"replies":[{"embeddable":true,"href":"https:\/\/tmzc.pl\/index.php\/wp-json\/wp\/v2\/comments?post=46"}],"version-history":[{"count":21,"href":"https:\/\/tmzc.pl\/index.php\/wp-json\/wp\/v2\/pages\/46\/revisions"}],"predecessor-version":[{"id":1007,"href":"https:\/\/tmzc.pl\/index.php\/wp-json\/wp\/v2\/pages\/46\/revisions\/1007"}],"wp:attachment":[{"href":"https:\/\/tmzc.pl\/index.php\/wp-json\/wp\/v2\/media?parent=46"}],"curies":[{"name":"wp","href":"https:\/\/api.w.org\/{rel}","templated":true}]}}